 + -26 - 23 - 29?
-45
Evaluate (-16 - -1) + (403 - 365).
23
Evaluate -1 + -21 - (30 + (-17 - 74)).
39
Evaluate -87 + 0 + -18 + -69 + 56 + 19.
-99
Evaluate -1 - -24 - (-892 + 1029).
-114
Calculate 23 - (62 + (-11 - 22) + -27).
21
-40 - (237 + -243 + (-4 - -13)) - (-11 - 1)
-31
What is the value of 1 + 1 + 0 + 7 + (-33 - 47) + -9?
-80
Calculate (19 - (-37 + 37)) + -27.
-8
Evaluate -7 + (20 - (7 - (6 + -6))) + (23 - 29).
0
Calculate -14 + -4 + (-49 - (-33 - -11)).
-45
What is the value of (-1 - -2 - -13) + 232 + -81 + -87?
78
Evaluate -87 + -51 + -36 + 90 + 7 + 0.
-77
Calculate -329 + 287 - (-21 - 5).
-16
What is the value of 56 + -33 + 46 - 17?
52
13 + 44 - -16 - (126 - 114)
61
Evaluate (-43 - (1 + -2)) + ((16 - 7) + -9 - -1).
-41
What is 5 + 21 - (-770 + 720)?
76
What is (0 - -23) + -2 + (-116 - -143)?
48
Evaluate (-17 - 4) + (-127 - -47) + -47.
-148
10 - (51 + -17 + 16 + (-18 - -29))
-51
What is the value of 3 + 10 + -3 + -511 + 542?
41
Evaluate -109 + 64 + 45 - -43.
43
Calculate -63 + -36 + 38 - -90.
29
What is -1122 - -1158 - (-68 - 0) - (18 - 0)?
86
-200 - (106 + 36 + -209)
-133
What is the value of 2 - (2 - (28 - 13)) - 42?
-27
61 + (96 - 167 - 25)
-35
What is the value of -88 + (39 - (32 - 49))?
-32
What is the value of -43 - -2 - (-3205 - -3147)?
17
Calculate (-26 - -23) + (9 - 49) + 69.
26
What is 88 + -62 + 37 + -53?
10
Calculate (-3 - 9 - (9 + 9 - 6)) + -1 + 4.
-21
Calculate -162 - -133 - (0 + -4 + (5 - (4 - -5))).
-21
What is the value of -20 - -11 - -13 - (10 - ((4 - -45) + 4))?
47
What is the value of (-6 - -5) + -15 + (31 - (-28 + 45))?
-2
What is 3 + -11 + (-1510 - -1479)?
-39
Evaluate 2 - (-23 + -48) - 20 - -6.
59
Calculate (20 + -1 - -16) + 21 + -30.
26
Calculate (16 + -22 - -9) + 13 + 2.
18
Calculate 30 - (-13 - (-8 + 35)) - -6.
76
Evaluate 43 - -24 - (-220 - -181).
106
Calculate -2 - (26 - (12 + 17)).
1
What is (260 - 210) + -19 + -28?
3
1 + (5 + (7 - 1) - 3) + -99 + -1
-91
What is -19 + (-5 - (-12 - (-7 - -6) - 1))?
-12
-29 + (0 - 21) - (-2 - 16)
-32
Evaluate 45 + -1 - (221 - 48 - 147).
18
What is the value of -12 + 1 + 0 + (111 - -9) + -228?
-119
-50 + (47 + -90 - -116)
23
What is 56 + (3 - -4) - (3 - 2 - (0 + -7))?
55
Evaluate -52 + 65 + -109 + 88.
-8
Calculate 193 + -251 - (36 - -9).
-103
Evaluate 37 + 1 + -3 - (32 + (90 - 118)).
31
What is 0 - ((60 - (49 + -57)) + 7 + 0)?
-75
(1 - -9) + -63 + (55 - -43) + (1 - 5)
41
Evaluate (18 - -3) + (88 - 65) + -20.
24
2 + 39 + -15 - 77
-51
What is the value of -1 + -83 - (4 + 117 - 154)?
-51
Evaluate 7 + (14 + -21 - -19 - 30) + 8.
-3
Calculate 37 + -22 - 7 - (1 - (-10 + 77)).
74
What is the value of (1 - -27) + (-17 - 19 - -31)?
23
Evaluate (9 - (24 - 47)) + 2 + 47.
81
What is the value of 25 + -78 + 24 + (4 - 0)?
-25
What is the value of (21 - (23 - (98 + -30))) + -21?
45
What is the value of (-35 - -27 - -9) + -15 + 2 + -65?
-77
What is (-4 + 1 - (-20 + 28)) + 11 + 0?
0
What is -69 - ((-24 - (-64 + 31)) + (13 - 3))?
-88
3 + 34 - (6 + -2 + 18 + -19)
34
What is the value of (8 - 2) + (27 + 64 - 85)?
12
Evaluate -12 + 2 + 41 + (8 - (1 - 5)).
43
Calculate -99 + (-19 - (-28 - -2)) + 0 + (-2 - -1).
-93
Calculate (7 - -7) + (-22 - (-29 - -22)).
-1
Evaluate (9 - (21 + 3)) + 21 + -14 - 87.
-95
-90 + -11 + (-21 - -44) + -3
-81
Evaluate -27 - (30 + (25 - (28 + -10))).
-64
Evaluate -64 + (-15 - (-40 - 38)).
-1
Calculate 28 - (-1 + 3) - (-1648 + 1717).
-43
Evaluate -50 + 32 + 56 + -8.
30
Evaluate (154 - 136 - (9 - 0)) + (-4 - (-20 - -58)).
-33
What is the value of -8 + -5 + 54 + (16 - 27)?
30
What is -2 + 1 - ((2 - 10) + -7 + -19 + 12)?
21
Calculate ((11 - (4 + (29 - 5))) + -1 - -8) + 25.
15
1 + -25 + 95 + -11 + -48
12
-24 + (-57 - -48) - -59
26
What is 436 + -453 + (6 + -36 - 4)?
-51
(11 - (-11 + (4 - -10) - -8)) + -8
-8
-5 + (8 + -5 + 8 - -2) + (-26 - -7)
-11
What is ((27 + -14 - 22) + -44 - 11) + 6?
-58
Evaluate -24 + 24 + (-37 - -42) + -95 + 2.
-88
What is the value of 4 + -18 + 6 + (14 - (-10 + 20))?
-4
60 + 4 - (-112 - (-60 + -16))
100
Evaluate (23 - 9) + (-18 - -11).
7
Calculate -16 + 31 + -29 + -21 - ((1 - -6) + -4).
-38
Calculate -142 + 233 + -168 + 19 + (-3 - -4).
-57
-16 + (1147 - 1177) + (1 - 16)
-61
Evaluate 0 + 12 + (56 - (20 - 10)) + -19.
39
Calculate 17 + -32 - -47 - 16.
16
What is 39 + (9 + -6 - -34) - -17?
93
What is the value of 33 + 0 - (-75 - -133)?
-25
Calculate 117 - (45 - 17 - 9 - (-53 + 52)).
97
Evaluate 219 - (191 + (-125 - -59)).
94
What is (4 - (-119 + 13)) + (14 - (-1 - -9)) - -8?
124
Evaluate 79 + -32 + -59 + (7 - 2).
-7
3 + -61 + (6 - (-14 + 9)) + (-9 - -7)
-49
What is the value of -49 + (-4 - 7) - (102 - 141)?
-21
Calculate -1 - ((-1 - (3 + -11 + -8)) + (-1 - -8)).
-23
-2270 + 2207 - (-1 + -9)
-53
What is 2 + 17 + 0 - (1383 + -1401)?
37
What is the value of (-43 - -2) + (-94 - (-285 - -54))?
96
(8 - 48) + 53 - 46
-33
Evaluate (-5632 - -5585) + (120 - 1).
72
Calculate 1 + -5 + 22 + 7 + (12 - 23).
14
(-100 - (-18 - 6)) + 12 + 27
-37
Calculate (-3360 - -3339) + (-3 - 19).
-43
What is -14 + -16 + 27 + (-7 - (-4 - -5 - 4))?
-7
Evaluate (6 - -97) + -5 + (-28 - 10) + 32.
92
What is -1 - (-11 - (-77 + 10 - 26))?
-83
What is the value of (10 + 3 + 1 - (-18 - -10)) + (4 - -10)?
36
What is 68 + 40 + -95 + 30 + 1?
44
12 + (3 + 9 - 4) + -6 + (20 - 11)
23
What is 121 + (8 - 4) + -96?
29
40 + -7 + (24 - (16 - 3)) - (4 + -8)
48
Calculate (-30 - -18) + 22 + 0 + 95.
105
What is the value of 1 + 18 - (18 - (151 - 148))?
4
Calculate -534 + 517 + -1 + 31 - (-1 + 53).
-39
What is -68 - (-27 - -26 - 35)?
-32
Calculate (-37 - -70) + 27 - (5 - 20).
75
Calculate 25 + (-9 - -56) + -3 + -5.
64
What is -47622 + 47630 + 1 + (1 - 4) + 51?
57
-56 + 84 + -91 - (-2 - -4)
-65
What is -14 - (-32 - (-16 + (-11 - -20))) - 131?
-120
What is 43 + -114 + 59 - -9?
-3
Evaluate -22 + (-22 - 0) + (-72 - -2) + 77.
-37
What is 2 + 30 + (-57 + 43 - -20)?
38
Evaluate (-392 + 387 - (2 - -82)) + (-8 - -25).
-72
Calculate (-9 - -2) + (9 - (16 - 8 - -4)) + -7.
-17
Calculate 81 + -220 + 112 + 16.
-11
What is the value of -24 - (-105 + 2 - (694 - 667))?
106
Calculate 9 + -1 + ((19 - 98) + 60 - (0 + -8)).
-3
What is (-11 - -48) + (188 - 170)?
55
What is the value of 6 - -35 - 45 - (-1 + -2 + 18)?
-19
What is -14 + -56 + 67 + (-1 - (4 - (-12 + 1)))?
-19
Calculate 63 + (-11 + (17 - 2) - (4 + -4 + 3)).
64
Calculate 23 + (-14 + -13 - -16) + -1.
11
What is the value of -6 + 2 + 10 + 41 + -9?
38
What is 3 + 0 + 1 + -5251 + 5228?
-19
101 - (-3 - (5 - (15 + 9)) - 15)
100
Calculate 3 + 11 + 6 + (26 - 30) + -20.
-4
57 + -53 + 9 + (-4 - 5) + 0 + 1
5
What is -9 - -59 - (21 - 63 - -65)?
27
(-22 - (-86 + 44)) + -42 - (-101 - -2)
77
Calculate 101 - (4 + -9 - (-31 - -12)) - (-13 + -2).
102
What is the value of -1193 + 1069 - (0 - 176)?
52
What is the value of (62 - (33 + 27 + -23)) + 1 + -9?
17
What is the value of -17 + 39 + (28 - 37)?
13
What is the value of -15 + 4 + -12 + 78 + -74 + (-17 - -7)?
-29
What is the value of -10 + 1 + 799 + -762 + (-27 - 1)?
0
-142 + (-6 - -66) - -24
-58
Calculate -1 + -41 - (-15 + -80 - -89).
-36
Evaluate -1773 + 1694 - (-25 - 0) - -9.
-45
Calculate 0 + 1 + 193 + -158 + 86.
122
75 + (-1955 - -1970 - (29 - 1))
62
What is the value of 15 + (-24 - -22 - (-27 + 10))?
30
132 - (199 - -59) - 12
-138
(-18 + (-5 - -3) - 4) + -16 + 18 + -12
-34
What is the value of 84 - (8 - (-28 + 2 + 22))?
72
Evaluate 54 + (-5 - (-26 - (-12 - (-12 + 5)))).
70
-5 + (17 - (-2 - 2)) - (-329 - -216)
129
What is -37 + (166 - (-65 + 122))?
72
What is the value of 18 + -2 + 4 - (12 + 7 + -11) - -101?
113
What is 1 + -18 + (-58 - -46) - 33?
-62
Evaluate 2 - -4 - (-3 + -5) - (-137 + 44).
107
Evaluate (123 - (-166 + 295)) + 0 + 1 + 6.
1
What is 101 - 0 - (7585 + -7492)?
8
Evaluate 8 - (286 - (273 - 132)).
-137
What is (-101 - -126) + (10 - (-1 + 4)) - -6?
38
What is the value of -17 + (6 - (14 + -128)) - 17?
86
Calculate (-4 - (-26 - 0)) + (56 + 32 - 0).
110
1 + 12 - (134 - -30 - 137)
-14
16 + -13 + 8 + -2 - (93 - (-5 - -30))
-59
What is -20 + (-83 - (86 + -159))?
-30
What is (6 - (-2 - -9) - -20) + 13 + -20 + 14?
26
What is (43 - 52) + 64 + -12 - 16?
27
Calculate 0 - -8 - (5 - (54 + -64)) - -11.
4
What is 19 + -5 - (83 - (-13 + 10))?
-72
What is -5 - 1 - (-46 + (-6 - -78))?
-32
What is the value of -44 - (-28 + -1 - (2070 - 209